{"id":163,"date":"2009-04-28T13:47:44","date_gmt":"2009-04-28T11:47:44","guid":{"rendered":"https:\/\/vttuatu.ddns.net\/wordpress\/?page_id=163"},"modified":"2019-04-29T19:55:09","modified_gmt":"2019-04-29T17:55:09","slug":"mes-vtt","status":"publish","type":"page","link":"https:\/\/vttuatu.ddns.net\/index.php\/mes-vtt\/","title":{"rendered":"Mes V\u00e9los"},"content":{"rendered":"<h3 style=\"text-align: center;\"><span style=\"font-size: 26pt; font-family: &amp;amp; amp; color: red;\">Bienvenue<\/span><\/h3>\n<p><strong>sur mon site et ma nouvelle passion:<\/strong><\/p>\n<p><strong>le VTT, d\u00e9couvert en juillet 2005.<br \/>\n<\/strong><\/p>\n<p><strong>J&#8217;habite dans la localit\u00e9 de <a href=\"http:\/\/www.ville-massy.fr\">MASSY<\/a> dans le d\u00e9partement de l&#8217;Essonne (91)&#8230;<\/strong><\/p>\n<p><strong>et je roule dans tous les alentours: <\/strong><br \/>\nFor\u00eat Domaniale de Palaiseau, Verri\u00e8res-le-Buisson, Meudon, Fausses-Reposes, Versailles, Port-Royal, Marly-le-Roi, Bois d&#8217;Arcy; For\u00eat R\u00e9gionale des Valli\u00e8res; For\u00eat D\u00e9partementale de Saulx-les-Chartreux, de la Roche Turpin; For\u00eat Communale de Gif\/Yvette; Plateau de Saclay; Etangs de la Mini\u00e8re; Vall\u00e9e de Chevreuse; Vall\u00e9e de l&#8217;Yvette; Val d&#8217;Orge; Val d&#8217;Europe; &#8230;<\/p>\n<p>Mes v\u00e9los:<\/p>\n<p style=\"text-align: center;\"><strong><span class=\"style2\">Canyon Nerve AL 9.0 SL (2014)<\/span><\/strong>(VTT)<\/p>\n<table border=\"0\" width=\"200\">\n<tbody>\n<tr>\n<td><img loading=\"lazy\" decoding=\"async\" src=\"\/_technique\/tn_20170520_185623.jpg\" width=\"320\" height=\"240\" \/><\/td>\n<\/tr>\n<tr>\n<td>\n<div><a href=\"\/_technique\/20170520_185623.jpg\"><img loading=\"lazy\" decoding=\"async\" src=\"\/aggrandirimage.gif\" alt=\"+\" width=\"130\" height=\"13\" border=\"0\" \/><\/a><\/div>\n<\/td>\n<\/tr>\n<tr>\n<td>\n<div>Transmission:<br \/>\nCassette SRAM 11V X01 XG1195 &#8211; 10\/42<br \/>\nPlateau Mono E.THIRTEEN GUIDERING M 104 mm Noir &#8211; 30<br \/>\nD\u00e9railleur Arri\u00e8re SRAM X01 1x11V<br \/>\nCha\u00eene SRAM 11V PC XX1 &#8211; 118<br \/>\nCommande de Vitesses Droite SRAM GX 11V<br \/>\nRoues DT Swiss 1501 XM (2014) 22.5mm<br \/>\n<del>Pneus AV Schwalbe Nobby Nic\/AR VREDESTEIN BLACK PANTHER XTREME 27,5&#215;2,20 TriCompX Tubeless Ready Souple<\/del><br \/>\nPneus AV Hutchinson Toro 2.35\/AR Maxxis Agressor 2.3<br \/>\nSelle Prologo Scratch X20 TR<\/div>\n<\/td>\n<\/tr>\n<\/tbody>\n<\/table>\n<p style=\"text-align: center;\"><strong><span class=\"style2\">Canyon Ultimate CF 9.0 CT (2011)<\/span><\/strong>(route)<\/p>\n<table border=\"0\" width=\"200\">\n<tbody>\n<tr>\n<td><img loading=\"lazy\" decoding=\"async\" src=\"\/_technique\/tn_20170520_185509.jpg\" width=\"320\" height=\"240\" \/><\/td>\n<\/tr>\n<tr>\n<td>\n<div><a href=\"\/_technique\/20170520_185509.jpg\"><img loading=\"lazy\" decoding=\"async\" src=\"\/aggrandirimage.gif\" alt=\"+\" width=\"130\" height=\"13\" border=\"0\" \/><\/a><\/div>\n<\/td>\n<\/tr>\n<tr>\n<td>\n<div>Transmission CAMPAGNOLO Chorus II<br \/>\nRoues FULCRUM RACING 0 \u00e0 Pneus &#8211; CAMPAGNOLO<br \/>\nSelle PROLOGO SCRATCH PAS 134 Rails T2.0 &#8211; Noir<br \/>\nRuban de Cintre FIZIK PERFORMANCE CLASSIC &#8211; Noir<\/div>\n<\/td>\n<\/tr>\n<\/tbody>\n<\/table>\n<p style=\"text-align: center;\"><strong><span class=\"style2\">EXS Vulcano 2005<\/span><\/strong>(velotaff)<\/p>\n<table border=\"0\" width=\"200\">\n<tbody>\n<tr>\n<td><img loading=\"lazy\" decoding=\"async\" src=\"\/_technique\/tn_20171230_160116.jpg\" width=\"320\" height=\"240\" \/><\/td>\n<\/tr>\n<tr>\n<td>\n<div><a href=\"\/_technique\/20171230_160116.jpg\"><img loading=\"lazy\" decoding=\"async\" src=\"\/aggrandirimage.gif\" alt=\"+\" width=\"130\" height=\"13\" border=\"0\" \/><\/a><\/div>\n<\/td>\n<\/tr>\n<tr>\n<td>\n<div>Transmission:<br \/>\nCassette SHIMANO 10V XT M771 &#8211; 11\/36<br \/>\nPlateau Mono E.THIRTEEN GUIDERING M 104 mm Noir &#8211; 34<br \/>\nD\u00e9railleur Arri\u00e8re SHIMANO 10V XTR RD-M986 + One up RAD Cage<br \/>\nCha\u00eene SRAM 11V PC XX1<br \/>\nRoues Mavic Crossride 2006<br \/>\n<del>Pneus 26&#215;2.00 Schwalbe MARATHON PLUS HS440 SmartGuard, tringle Rigide &#8211; ETRTO 50-559<\/del><br \/>\nPneus AV 26&#215;2.00 Hutchinson Cobra, AR 26&#215;2.00 Geax Saguaro<br \/>\nSelle Italia SLR Gel Flow noire<\/div>\n<\/td>\n<\/tr>\n<\/tbody>\n<\/table>\n<p style=\"text-align: center;\"><strong><span class=\"style2\">Strida SX<\/span><\/strong>(pliant)<\/p>\n<table border=\"0\" width=\"200\">\n<tbody>\n<tr>\n<td><img loading=\"lazy\" decoding=\"async\" src=\"\/_technique\/tn_20170520_185830.jpg\" width=\"320\" height=\"240\" \/><\/td>\n<\/tr>\n<tr>\n<td>\n<div><a href=\"\/_technique\/20170520_185830.jpg\"><img loading=\"lazy\" decoding=\"async\" src=\"\/aggrandirimage.gif\" alt=\"+\" width=\"130\" height=\"13\" border=\"0\" \/><\/a><\/div>\n<\/td>\n<\/tr>\n<\/tbody>\n<\/table>\n<p>Les anciens:<\/p>\n<p style=\"text-align: center;\"><strong><span class=\"style2\">COMMENCAL VIP Meta 4 2008<\/span><\/strong><\/p>\n<table border=\"0\" width=\"200\">\n<tbody>\n<tr>\n<td><img loading=\"lazy\" decoding=\"async\" src=\"\/_technique\/M4\/20130810_01.jpg\" width=\"320\" height=\"240\" \/><\/td>\n<\/tr>\n<\/tbody>\n<\/table>\n<p style=\"text-align: center;\"><strong><span class=\"style2\">Noname Carbon 12k 2009<\/span><\/strong><\/p>\n<table border=\"0\" width=\"200\">\n<tbody>\n<tr>\n<td><img loading=\"lazy\" decoding=\"async\" src=\"\/_technique\/Carbon\/20130810_01.jpg\" alt=\"\" width=\"320\" height=\"240\" \/><\/td>\n<\/tr>\n<\/tbody>\n<\/table>\n<p>1.75m &#8211; Entrejambe 81cm<br \/>\n<span class=\"style5\"><em>Hauteur de selle<\/em><\/span> (axe BB&lt;-&gt;creux de selle): 70cm<br \/>\n<em>Pression VTT:<\/em> AV 2\/AR 2.2<em>, Route:<\/em> 7<\/p>\n<p><em><strong><br \/>\nLunettes JULBO BLAST Noir Photochromique<br \/>\nLunettes Rudy Project RYDON II Carbon ImpactX Red Photochromic<br \/>\n<del>Casque Route Giro Atmos 2011 noir titane M<\/del><br \/>\n<del>Casque VTT Giro Xen 2010 noir mat\/blanc M<\/del><br \/>\nCasque BELL ZEPHYR MIPS Noir &#8211; M<br \/>\nChaussures Route Northwave Aerlite 3 Blanc Fading Black 2011<br \/>\nChaussures VTT MAVIC CROSSMAX XL PRO Jaune 2016<br \/>\nGPS Garmin Dakota 20<br \/>\nSac d&#8217;Hydratation CAMELBAK HAWG NV 2014 &#8211; Noir <\/strong><\/em><\/p>\n<p>Derni\u00e8re m\u00e0j : <strong><em>30 Avril 2019<\/em><\/strong><\/p>\n","protected":false},"excerpt":{"rendered":"<p>Bienvenue sur mon site et ma nouvelle passion: le VTT, d\u00e9couvert en juillet 2005. J&#8217;habite dans la localit\u00e9 de MASSY dans le d\u00e9partement de l&#8217;Essonne (91)&#8230; et je roule dans tous les alentours: For\u00eat Domaniale de Palaiseau, Verri\u00e8res-le-Buisson, Meudon, Fausses-Reposes, Versailles, Port-Royal, Marly-le-Roi, Bois d&#8217;Arcy; For\u00eat R\u00e9gionale des Valli\u00e8res; For\u00eat D\u00e9partementale de Saulx-les-Chartreux, de la &hellip; <\/p>\n<p class=\"link-more\"><a href=\"https:\/\/vttuatu.ddns.net\/index.php\/mes-vtt\/\" class=\"more-link\">Continue reading<span class=\"screen-reader-text\"> &#8220;Mes V\u00e9los&#8221;<\/span><\/a><\/p>\n","protected":false},"author":4,"featured_media":0,"parent":0,"menu_order":0,"comment_status":"closed","ping_status":"closed","template":"","meta":{"footnotes":""},"class_list":["post-163","page","type-page","status-publish","hentry"],"_links":{"self":[{"href":"https:\/\/vttuatu.ddns.net\/index.php\/wp-json\/wp\/v2\/pages\/163","targetHints":{"allow":["GET"]}}],"collection":[{"href":"https:\/\/vttuatu.ddns.net\/index.php\/wp-json\/wp\/v2\/pages"}],"about":[{"href":"https:\/\/vttuatu.ddns.net\/index.php\/wp-json\/wp\/v2\/types\/page"}],"author":[{"embeddable":true,"href":"https:\/\/vttuatu.ddns.net\/index.php\/wp-json\/wp\/v2\/users\/4"}],"replies":[{"embeddable":true,"href":"https:\/\/vttuatu.ddns.net\/index.php\/wp-json\/wp\/v2\/comments?post=163"}],"version-history":[{"count":6,"href":"https:\/\/vttuatu.ddns.net\/index.php\/wp-json\/wp\/v2\/pages\/163\/revisions"}],"predecessor-version":[{"id":4832,"href":"https:\/\/vttuatu.ddns.net\/index.php\/wp-json\/wp\/v2\/pages\/163\/revisions\/4832"}],"wp:attachment":[{"href":"https:\/\/vttuatu.ddns.net\/index.php\/wp-json\/wp\/v2\/media?parent=163"}],"curies":[{"name":"wp","href":"https:\/\/api.w.org\/{rel}","templated":true}]}}